{"id":1496,"date":"2010-09-04T23:18:56","date_gmt":"2010-09-04T21:18:56","guid":{"rendered":"http:\/\/www.labyrinthiques.local\/?page_id=1496"},"modified":"2022-10-11T09:35:58","modified_gmt":"2022-10-11T07:35:58","slug":"a-propos","status":"publish","type":"page","link":"https:\/\/labyrinthiques.fr\/?page_id=1496","title":{"rendered":"A propos"},"content":{"rendered":"<h3><strong>Contact<\/strong><\/h3>\n<p>Pour me contacter utilisez le formulaire ci-dessous.<\/p>\n\n<div class=\"wpcf7 no-js\" id=\"wpcf7-f2763-o1\" lang=\"en-US\" dir=\"ltr\" data-wpcf7-id=\"2763\">\n<div class=\"screen-reader-response\"><p role=\"status\" aria-live=\"polite\" aria-atomic=\"true\"><\/p> <ul><\/ul><\/div>\n<form action=\"\/index.php?rest_route=%2Fwp%2Fv2%2Fpages%2F1496#wpcf7-f2763-o1\" method=\"post\" class=\"wpcf7-form init\" aria-label=\"Contact form\" novalidate=\"novalidate\" data-status=\"init\">\n<fieldset class=\"hidden-fields-container\"><input type=\"hidden\" name=\"_wpcf7\" value=\"2763\" \/><input type=\"hidden\" name=\"_wpcf7_version\" value=\"6.1.5\" \/><input type=\"hidden\" name=\"_wpcf7_locale\" value=\"en_US\" \/><input type=\"hidden\" name=\"_wpcf7_unit_tag\" value=\"wpcf7-f2763-o1\" \/><input type=\"hidden\" name=\"_wpcf7_container_post\" value=\"0\" \/><input type=\"hidden\" name=\"_wpcf7_posted_data_hash\" value=\"\" \/><input type=\"hidden\" name=\"_wpcf7_recaptcha_response\" value=\"\" \/>\n<\/fieldset>\n<p>Votre nom (obligatoire)\n<\/p>\n<p><span class=\"wpcf7-form-control-wrap\" data-name=\"your-name\"><input size=\"40\" maxlength=\"400\" class=\"wpcf7-form-control wpcf7-text wpcf7-validates-as-required\" aria-required=\"true\" aria-invalid=\"false\" value=\"\" type=\"text\" name=\"your-name\" \/><\/span>\n<\/p>\n<p>Votre email (obligatoire)\n<\/p>\n<p><span class=\"wpcf7-form-control-wrap\" data-name=\"your-email\"><input size=\"40\" maxlength=\"400\" class=\"wpcf7-form-control wpcf7-email wpcf7-validates-as-required wpcf7-text wpcf7-validates-as-email\" aria-required=\"true\" aria-invalid=\"false\" value=\"\" type=\"email\" name=\"your-email\" \/><\/span>\n<\/p>\n<p>Sujet\n<\/p>\n<p><span class=\"wpcf7-form-control-wrap\" data-name=\"your-subject\"><input size=\"40\" maxlength=\"400\" class=\"wpcf7-form-control wpcf7-text\" aria-invalid=\"false\" value=\"\" type=\"text\" name=\"your-subject\" \/><\/span>\n<\/p>\n<p>Votre message\n<\/p>\n<p><span class=\"wpcf7-form-control-wrap\" data-name=\"your-message\"><textarea cols=\"40\" rows=\"10\" maxlength=\"2000\" class=\"wpcf7-form-control wpcf7-textarea\" aria-invalid=\"false\" name=\"your-message\"><\/textarea><\/span>\n<\/p>\n\n<p><input class=\"wpcf7-form-control wpcf7-submit has-spinner\" type=\"submit\" value=\"Envoyer\" \/>\n<\/p><p style=\"display: none !important;\" class=\"akismet-fields-container\" data-prefix=\"_wpcf7_ak_\"><label>&#916;<textarea name=\"_wpcf7_ak_hp_textarea\" cols=\"45\" rows=\"8\" maxlength=\"100\"><\/textarea><\/label><input type=\"hidden\" id=\"ak_js_1\" name=\"_wpcf7_ak_js\" value=\"169\"\/><script>document.getElementById( \"ak_js_1\" ).setAttribute( \"value\", ( new Date() ).getTime() );<\/script><\/p><div class=\"wpcf7-response-output\" aria-hidden=\"true\"><\/div>\n<\/form>\n<\/div>\n\n<p>Vous pouvez me trouver \u00e9galement sur les r\u00e9seaux sociaux (liens en bas de page).<\/p>\n<hr \/>\n<h3><strong>A propos<\/strong><\/h3>\n<p style=\"text-align: justify;\">Ce labyrinthe n&rsquo;engage que la vision subjective de son auteur. Il ne saurait \u00eatre question de trouver ou de perdre une quelconque v\u00e9rit\u00e9.<\/p>\n<p style=\"text-align: justify;\">Je ne saurais \u00eatre responsable de l&rsquo;utilisation qu&rsquo;il pourrait en \u00eatre fait ni de ses cons\u00e9quences. Si par m\u00e9garde vous vous \u00e9tiez perdus ici lors de vos recherches pour un expos\u00e9 ou un devoir, sachez que je ne donnerai jamais de r\u00e9ponses toutes faites&#8230; Pour la bonne raison, qu&rsquo;en litt\u00e9rature, il n&rsquo;y a que sa propre r\u00e9ponse qui vaille la peine d&rsquo;\u00eatre formul\u00e9e.<\/p>\n<p style=\"text-align: justify;\">\u00a9 Les textes, photographies, \u0153uvres picturales et sonores dont les r\u00e9f\u00e9rences sont mentionn\u00e9es appartiennent \u00e0 leurs auteurs ((Si par malheur, par m\u00e9garde ou par inadvertance j&rsquo;avais utilis\u00e9 un extrait trop long d&rsquo;un de vos textes ou un visuel vous appartenant et que vous vous opposiez \u00e0 son utilisation dans ces m\u00e9andres, vous pouvez m&rsquo;adresser votre demande dans le formulaire ci-dessus.)).<\/p>\n<p style=\"text-align: justify;\">Ceux sans mention sont (sauf oubli) de moi.<\/p>\n","protected":false},"excerpt":{"rendered":"<p>Contact Pour me contacter utilisez le formulaire ci-dessous. Vous pouvez me trouver \u00e9galement sur les r\u00e9seaux sociaux (liens en bas de page). A propos Ce labyrinthe n&rsquo;engage que la vision subjective de son auteur. Il ne saurait \u00eatre question de trouver ou de perdre une quelconque v\u00e9rit\u00e9. Je ne saurais \u00eatre responsable de l&rsquo;utilisation qu&rsquo;il [&hellip;]<\/p>\n","protected":false},"author":2,"featured_media":0,"parent":0,"menu_order":0,"comment_status":"closed","ping_status":"closed","template":"","meta":{"footnotes":""},"class_list":["post-1496","page","type-page","status-publish","hentry"],"_links":{"self":[{"href":"https:\/\/labyrinthiques.fr\/index.php?rest_route=\/wp\/v2\/pages\/1496","targetHints":{"allow":["GET"]}}],"collection":[{"href":"https:\/\/labyrinthiques.fr\/index.php?rest_route=\/wp\/v2\/pages"}],"about":[{"href":"https:\/\/labyrinthiques.fr\/index.php?rest_route=\/wp\/v2\/types\/page"}],"author":[{"embeddable":true,"href":"https:\/\/labyrinthiques.fr\/index.php?rest_route=\/wp\/v2\/users\/2"}],"replies":[{"embeddable":true,"href":"https:\/\/labyrinthiques.fr\/index.php?rest_route=%2Fwp%2Fv2%2Fcomments&post=1496"}],"version-history":[{"count":4,"href":"https:\/\/labyrinthiques.fr\/index.php?rest_route=\/wp\/v2\/pages\/1496\/revisions"}],"predecessor-version":[{"id":4940,"href":"https:\/\/labyrinthiques.fr\/index.php?rest_route=\/wp\/v2\/pages\/1496\/revisions\/4940"}],"wp:attachment":[{"href":"https:\/\/labyrinthiques.fr\/index.php?rest_route=%2Fwp%2Fv2%2Fmedia&parent=1496"}],"curies":[{"name":"wp","href":"https:\/\/api.w.org\/{rel}","templated":true}]}}